 prime factors of 3103?
29, 107
List the prime factors of 4424.
2, 7, 79
What are the prime factors of 7588?
2, 7, 271
List the prime factors of 35755.
5, 7151
List the prime factors of 8689.
8689
List the prime factors of 1265.
5, 11, 23
What are the prime factors of 155?
5, 31
List the prime factors of 28564.
2, 37, 193
List the prime factors of 782.
2, 17, 23
What are the prime factors of 1346?
2, 673
What are the prime factors of 3274?
2, 1637
List the prime factors of 318.
2, 3, 53
List the prime factors of 4659.
3, 1553
What are the prime factors of 29958?
2, 3, 4993
What are the prime factors of 33200?
2, 5, 83
List the prime factors of 5438.
2, 2719
What are the prime factors of 60095?
5, 7, 17, 101
What are the prime factors of 3902?
2, 1951
What are the prime factors of 114417?
3, 12713
List the prime factors of 2469.
3, 823
What are the prime factors of 15232?
2, 7, 17
List the prime factors of 75745.
5, 15149
List the prime factors of 5725.
5, 229
What are the prime factors of 714?
2, 3, 7, 17
What are the prime factors of 94944?
2, 3, 23, 43
What are the prime factors of 16635?
3, 5, 1109
What are the prime factors of 7292?
2, 1823
What are the prime factors of 2597?
7, 53
What are the prime factors of 1741?
1741
List the prime factors of 434.
2, 7, 31
List the prime factors of 14731.
14731
What are the prime factors of 4136?
2, 11, 47
List the prime factors of 1441.
11, 131
What are the prime factors of 41339?
67, 617
List the prime factors of 22825.
5, 11, 83
What are the prime factors of 22569?
3, 7523
What are the prime factors of 17641?
13, 23, 59
List the prime factors of 13084.
2, 3271
What are the prime factors of 40595?
5, 23, 353
What are the prime factors of 2445?
3, 5, 163
List the prime factors of 103658.
2, 51829
What are the prime factors of 1015?
5, 7, 29
List the prime factors of 5352.
2, 3, 223
List the prime factors of 475.
5, 19
What are the prime factors of 23471?
7, 479
List the prime factors of 7515.
3, 5, 167
What are the prime factors of 10205?
5, 13, 157
What are the prime factors of 44620?
2, 5, 23, 97
What are the prime factors of 11397?
3, 29, 131
What are the prime factors of 21865?
5, 4373
List the prime factors of 11887.
11887
What are the prime factors of 2668?
2, 23, 29
List the prime factors of 7214.
2, 3607
What are the prime factors of 2086?
2, 7, 149
List the prime factors of 1307.
1307
List the prime factors of 1492.
2, 373
List the prime factors of 150365.
5, 17, 29, 61
What are the prime factors of 2235?
3, 5, 149
What are the prime factors of 2494?
2, 29, 43
What are the prime factors of 45046?
2, 101, 223
What are the prime factors of 304?
2, 19
What are the prime factors of 108?
2, 3
What are the prime factors of 18252?
2, 3, 13
What are the prime factors of 292?
2, 73
What are the prime factors of 8463?
3, 7, 13, 31
List the prime factors of 355.
5, 71
List the prime factors of 676.
2, 13
What are the prime factors of 127452?
2, 3, 13, 19, 43
What are the prime factors of 36918?
2, 3, 7, 293
List the prime factors of 918.
2, 3, 17
What are the prime factors of 17764?
2, 4441
What are the prime factors of 11975?
5, 479
List the prime factors of 7387.
83, 89
What are the prime factors of 1525?
5, 61
List the prime factors of 111707.
17, 6571
List the prime factors of 503.
503
List the prime factors of 2556.
2, 3, 71
List the prime factors of 1965.
3, 5, 131
List the prime factors of 5318.
2, 2659
What are the prime factors of 109270?
2, 5, 7, 223
List the prime factors of 129781.
233, 557
What are the prime factors of 1915?
5, 383
List the prime factors of 3838.
2, 19, 101
List the prime factors of 1191.
3, 397
List the prime factors of 22.
2, 11
What are the prime factors of 6238?
2, 3119
List the prime factors of 1971.
3, 73
List the prime factors of 12074.
2, 6037
What are the prime factors of 1690?
2, 5, 13
What are the prime factors of 45843?
3, 7, 37, 59
What are the prime factors of 839?
839
List the prime factors of 879.
3, 293
List the prime factors of 28646.
2, 14323
What are the prime factors of 536?
2, 67
List the prime factors of 705.
3, 5, 47
What are the prime factors of 72585?
3, 5, 1613
What are the prime factors of 3265?
5, 653
What are the prime factors of 1157?
13, 89
What are the prime factors of 14676?
2, 3, 1223
List the prime factors of 228.
2, 3, 19
List the prime factors of 5345.
5, 1069
List the prime factors of 882.
2, 3, 7
List the prime factors of 120107.
13, 9239
What are the prime factors of 93351?
3, 29, 37
What are the prime factors of 16253?
16253
List the prime factors of 17714.
2, 17, 521
List the prime factors of 153.
3, 17
What are the prime factors of 23405?
5, 31, 151
List the prime factors of 484.
2, 11
What are the prime factors of 2577?
3, 859
What are the prime factors of 13756?
2, 19, 181
What are the prime factors of 8?
2
What are the prime factors of 254?
2, 127
List the prime factors of 1939.
7, 277
List the prime factors of 668.
2, 167
List the prime factors of 11687.
13, 29, 31
What are the prime factors of 32886?
2, 3, 7, 29
List the prime factors of 6636.
2, 3, 7, 79
List the prime factors of 885.
3, 5, 59
What are the prime factors of 1668?
2, 3, 139
What are the prime factors of 3950?
2, 5, 79
List the prime factors of 20739.
3, 31, 223
List the prime factors of 10881.
3, 13, 31
What are the prime factors of 1236?
2, 3, 103
What are the prime factors of 17149?
11, 1559
What are the prime factors of 16986?
2, 3, 19, 149
List the prime factors of 18096.
2, 3, 13, 29
List the prime factors of 12159.
3, 7, 193
List the prime factors of 9016.
2, 7, 23
List the prime factors of 137034.
2, 3, 23, 331
What are the prime factors of 8356?
2, 2089
List the prime factors of 486.
2, 3
What are the prime factors of 1033?
1033
What are the prime factors of 646?
2, 17, 19
List the prime factors of 15984.
2, 3, 37
What are the prime factors of 189?
3, 7
List the prime factors of 153.
3, 17
List the prime factors of 2258.
2, 1129
List the prime factors of 49745.
5, 9949
List the prime factors of 2029.
2029
What are the prime factors of 3094?
2, 7, 13, 17
What are the prime factors of 1157?
13, 89
List the prime factors of 13397.
13397
List the prime factors of 9395.
5, 1879
List the prime factors of 606.
2, 3, 101
List the prime factors of 1388.
2, 347
List the prime factors of 49109.
49109
List the prime factors of 405.
3, 5
List the prime factors of 41783.
7, 47, 127
What are the prime factors of 11096?
2, 19, 73
What are the prime factors of 13?
13
List the prime factors of 43.
43
What are the prime factors of 17746?
2, 19, 467
What are the prime factors of 24971?
24971
What are the prime factors of 162664?
2, 20333
List the prime factors of 501.
3, 167
List the prime factors of 17521.
7, 2503
List the prime factors of 1328.
2, 83
List the prime factors of 15709.
23, 683
What are the prime factors of 64?
2
List the prime factors of 5160.
2, 3, 5, 43
What are the prime factors of 16445?
5, 11, 13, 23
What are the prime factors of 198?
2, 3, 11
What are the prime factors of 41852?
2, 10463
What are the prime factors of 87571?
11, 19, 419
List the prime factors of 5289.
3, 41, 43
What are the prime factors of 1192?
2, 149
List the prime factors of 102852.
2, 3, 2857
List the prime factors of 9312.
2, 3, 97
List the prime factors of 327.
3, 109
What are the prime factors of 5731?
11, 521
List the prime factors of 44067.
3, 37, 397
What are the prime factors of 5032?
2, 17, 37
List the prime factors of 86665.
5, 17333
List the prime factors of 1015.
5, 7, 29
List the prime factors of 14512.
2, 907
What are the prime factors of 135272?
2, 37, 457
What are the prime factors of 618?
2, 3, 103
List the prime factors of 2807.
7, 401
List the prime factors of 1148.
2, 7, 41
List the prime factors of 3063.
3, 1021
List the prime factors of 175665.
3, 5, 7, 239
What are the prime factors of 2775?
3, 5, 37
List the prime factors of 1409.
1409
List the prime factors of 97742.
2, 48871
What are the prime factors of 1349?
19, 71
What are the prime factors of 625?
5
List the prime factors of 78353.
11, 17, 419
What are the prime factors of 39052?
2, 13, 751
List the prime factors of 132785.
5, 26557
What are the prime factors of 1443?
3, 13, 37
What are the prim